 remainder when 77 is divided by -1 + (-78)/(-52)*80/3?
38
Let j = -99 + 147. What is the remainder when 184 is divided by j?
40
Let l = -6 - -16. Let b be (4*11/2)/2. Suppose 6*r = b + 7. Calculate the remainder when l is divided by r.
1
Let p = 70 - 39. Calculate the remainder when ((-184)/(-7))/(12/42) is divided by p.
30
Let g(c) = -3*c**3 - c**2. Let u be g(-1). Let m = u + 5. Let f = m + 23. What is the remainder when f is divided by 9?
3
Suppose -6*u = -u. Suppose 0 = -j - u*j + 12. What is the remainder when (140/30)/(((-2)/9)/(-1)) is divided by j?
9
Suppose 8*s - 118 = 5*s + l, -4*s + 153 = 3*l. Calculate the remainder when 189 is divided by s.
33
Suppose -2*f = w + 2*f - 11, 4*f - 4 = 0. Let j(g) = g + 2. Let p be j(0). Suppose 115 = p*m + 3*m. What is the remainder when m is divided by w?
2
Suppose -1534 = -5*r + 2196. What is the remainder when r is divided by 25?
21
Let b = -526 - -564. What is the remainder when b is divided by 8?
6
Suppose 0 = d + 1, 2*s + 5*d - 70 = 3*s. What is the remainder when 55 is divided by (-3)/(-2) + s/(-6)?
13
Let s(k) = 52*k**2 + 1. Let f be s(-1). Suppose 57*g = f*g + 40. Calculate the remainder when 45 is divided by g.
5
Let v(l) = l**3 + 16*l**2 + 2*l + 36. Suppose 0 = -5*w - 17 - 63. What is the remainder when -3 - -2 - (0 + -8) is divided by v(w)?
3
Let t(f) = f**2 - f + 17. Let x = 94 - 89. Suppose -35 = -z + 3*y, -7*z + 106 = -x*z + 3*y. What is the remainder when z is divided by t(0)?
13
Let j be ((-20)/(-12))/(2/6). Suppose 3*y - j*v = 3 - 4, 0 = -4*y + v + 27. Calculate the remainder when 14 is divided by y.
6
Suppose -3*v - 6*q + 3*q + 42 = 0, 4*q = 20. Suppose -162*h + 169*h - 28 = 0. What is the remainder when v is divided by h?
1
Let v(f) = -f**3 + 4*f**2 + 3*f + 3. What is the remainder when 83 is divided by v(3)?
20
Let r = 3 + 0. Suppose 3*m - 4*m - r*a = -9, 0 = -m + a - 7. Calculate the remainder when (62/m)/((-13)/39) is divided by 21.
20
Suppose 76*p - 14148 - 8880 = 0. What is the remainder when p is divided by 39?
30
What is the remainder when 246 + 8/(-6)*(23 + -20) is divided by 21?
11
Suppose 4*j - 62 = -10. Suppose -18 + 2 = 16*y. Let t = y + j. What is the remainder when 45 is divided by t?
9
Let q be (-1776)/27 + -1*6/27. Let m = 73 + q. Suppose 222 = 5*g + 17. Calculate the remainder when g is divided by m.
6
Suppose 4*u = -0*b + 2*b + 12, -4*u = -16. Let g(h) = 5*h**2 - 6*h + 11. What is the remainder when 28/(-2 - 5/(-2)) is divided by g(b)?
18
Let b(l) = 9*l - 19*l + 8*l + 51. Calculate the remainder when -2*(22/(-4) + -1) is divided by b(22).
6
Let n(j) = -j**3 + 21*j**2 + 45*j + 64. What is the remainder when n(23) is divided by 2?
1
Suppose 3*h = -4*q + 73, 3 = q - h - 10. What is the remainder when (56/(-140))/(1/(-115)) is divided by q?
14
Suppose -14910 = -33*g - 9*g. What is the remainder when g is divided by 34?
15
Suppose 2*x = d + 31, -4*d + 7 = -x + 33. Calculate the remainder when 106 is divided by x.
8
Suppose 5*b - 17 = -2, 0 = -3*h + 4*b + 24. Let t(x) = 6*x + 3. Let j be t(-2). What is the remainder when (-2)/j + 196/9 is divided by h?
10
Suppose -45*k - 161 = -52*k. Calculate the remainder when 146 is divided by k.
8
Suppose 5*x + 3*f = 36, 2*f = -0*f + 4. What is the remainder when 67 is divided by 102/x + (1 - 1)?
16
Suppose -27 = -5*o + 2*a, -1 = -2*o + a + 10. Suppose -t - 6 = 4*k - 52, -330 = -5*t + o*k. What is the remainder when t is divided by 22?
18
Suppose 0 = 9*v + v - 300. Suppose b - 43 = -v. Calculate the remainder when 36 is divided by b.
10
Suppose -5*l - 4 = 6. Let s = 5 - l. Suppose s = 4*q - 1. Calculate the remainder when q is divided by 2.
0
Calculate the remainder when 82/(-205) + 2334/10 is divided by 118.
115
Let c = -112 + 145. What is the remainder when 39 is divided by c?
6
Let h(f) = f**3 - 13*f**2 + 9*f - 19. Let w(q) = q + 2. Let r be w(11). Let c be h(r). Suppose -c - 64 = -6*p. What is the remainder when p is divided by 14?
13
Let i = 140 + -100. What is the remainder when 119 is divided by i?
39
Let r = -3258 - -3268. Let c = 70 - 32. What is the remainder when c is divided by r?
8
Suppose 3*b + 536 = -5*c, 0 = 3*b + 4*c + 127 + 414. Calculate the remainder when 69 is divided by (-4)/(-22) + (-2210)/b.
9
Suppose -196 = -3*z + 89. What is the remainder when z is divided by 11?
7
Suppose -1 = 2*p - 7. Suppose 5*n - l - 64 = l, p*n - 30 = 4*l. Let g = 20 - n. Calculate the remainder when 16 is divided by g.
4
Suppose -o + 11*o = 2690. What is the remainder when o is divided by 27?
26
Let p(t) = 20*t + 257. Calculate the remainder when p(-6) is divided by 70.
67
Suppose 0 = 52*i - 54*i + 60. Calculate the remainder when 208 is divided by i.
28
Let g = 10 + -10. Suppose 2*r + 4*z - 28 = g, -5*r = 4*z - 0*z - 46. Suppose m + 15 = 2*m. What is the remainder when m is divided by r?
3
Suppose 740 = 10*u + 70. What is the remainder when 128 is divided by u?
61
Let l = -31 + 33. Suppose 51 = l*f - 7. Suppose 2*r = 3*r - 8. Calculate the remainder when f is divided by r.
5
Suppose 4*r - 44 = n, -4*n + 24 = r - n. Calculate the remainder when 206/6 + (-15)/45 is divided by r.
10
Suppose 3*j - v = -j - 4, -2*j - 3*v = 2. Let d = j + 5. Suppose 5*p = -5*n + n + 1, 0 = -2*n - d*p - 4. Calculate the remainder when n is divided by 2.
0
Suppose 0 = -18*x + 382 + 536. What is the remainder when x is divided by 14?
9
Suppose 36 = -4*c + 8*c. Suppose -6*m = -3*m + 2*d + 24, 35 = -2*m + 5*d. Calculate the remainder when (-181)/(-7) - m/70 is divided by c.
8
What is the remainder when (-6)/(-57) - (-4086)/171 is divided by 2?
0
Let z(p) = p + 32. Let d be z(-23). Let u = d + 24. Calculate the remainder when u is divided by 15.
3
Let x(v) = v**2 - 58*v + 369. Calculate the remainder when 765 is divided by x(51).
9
Suppose 5*y = 2*d - d + 293, 5*d + 247 = 4*y. Suppose 2*l = 5*l - 5*h - 28, -5*h = l - 36. Calculate the remainder when y is divided by l.
10
Let m(c) = c + 20. Let o be m(-14). Suppose 2*f + 48 = o*f. What is the remainder when 33 is divided by f?
9
Let w(f) = f + 1. Let p be w(-3). Let d(h) = -31*h - 67. Calculate the remainder when d(-3) is divided by -1 + (p - -18)/2.
5
Let j(w) = -4*w + 56. Calculate the remainder when j(-3) is divided by 35.
33
Let c(b) = b**2 + 9*b - 19. Let t be c(-11). Suppose t*n = -2*x + 62, 2*n - 82 = -3*n + 2*x. Let g = 21 + -11. Calculate the remainder when n is divided by g.
8
Suppose 0 = -4*o - 0*o + 172. What is the remainder when 166 is divided by o?
37
Calculate the remainder when 218 is divided by (110/25)/((-204)/(-50) + -4).
53
Let k(p) = -p**3 + 5*p**2 - 4*p + 14. Let c be k(4). Let w = c + 18. What is the remainder when 59 is divided by w?
27
Suppose -p + 2*b - 7*b = -3, 0 = -4*p - b + 12. What is the remainder when 20 is divided by p?
2
Let r(o) = o**2 + 22*o. Let t be r(-15). What is the remainder when 8 is divided by 66/14 - 30/t?
3
Let m be 2/(8/(-4))*39. Let g = 61 + m. What is the remainder when 6/21 + 292/7 is divided by g?
20
Let t(z) = 11*z - 4. Let l(u) = 4. Let i(c) = c + 5. Let h(f) = 4*i(f) - 4*l(f). What is the remainder when h(3) is divided by t(1)?
2
Suppose 625 = 4*t + 349. Calculate the remainder when t is divided by 10.
9
Let o(i) = 18*i + 127. What is the remainder when 303 is divided by o(-6)?
18
Let f(n) = 2*n**2 + 4*n + 4. Suppose 2*h = -3*g + 2, 3*g - 5 = 7*g - 5*h. Let t(x) = -8*x + 79. What is the remainder when t(g) is divided by f(-4)?
19
Let o(j) = -6*j + 40. Calculate the remainder when 191 is divided by o(4).
15
Let f(o) = -o + 25. Let c be f(21). Suppose -c*t = 4*j - 28, 7 + 5 = 4*j. Calculate the remainder when 17 is divided by t.
1
Calculate the remainder when 23 is divided by (-616)/(-35) - 4/(60/9).
6
Let x be (-6)/30 + (-393)/(-15) + -1. Suppose -x*v - 180 = -35*v. What is the remainder when v is divided by 12?
6
Let j = -27 + 54. Let p = j - -40. Calculate the remainder when p is divided by 301/13 - 40/260.
21
Suppose -5*x + 381 = -59. Let l = 9 - 4. What is the remainder when ((-4)/16 - 0)/((-2)/x) is divided by l?
1
Let g(c) = 14*c**2 + 1. Let j be 3/(-6)*6/(-3). Let v(y) = -y**2 - 10*y + 15. What is the remainder when g(j) is divided by v(-11)?
3
Suppose 5*i = -3*m - 35, 5*m + 42 = m - 2*i. Let u(s) = 2*s - 5. Let c be u(m). Let k = c - -36. What 